 - 4 - 1 = r. Is (38/(-4))/((-2)/r) composite?
False
Let t = -5099 - -9238. Is t a prime number?
True
Suppose -i - 4*i = 0. Let d be (i - 0) + 2 + 1. Suppose 569 = 5*q + d*g, 2*g = 3*q - 2*g - 353. Is q prime?
False
Suppose v + 3*c - 1 = 0, -14 = -4*v - 0*c - 2*c. Suppose -4*t + 3*t = -v. Suppose -a + 395 = t*a. Is a a composite number?
False
Is ((-3)/(-3 + 6))/((-4)/10628) a composite number?
False
Suppose 38 = -0*c - c - 2*s, 0 = -3*c - 5*s - 109. Let x(j) = j**2 + 3*j - 3. Let r be x(6). Let h = c + r. Is h a prime number?
True
Suppose q = -2*z + 494, 0*z + 5*z = 3*q - 1526. Suppose -2*f - 2*o = -273 - 55, o - q = -3*f. Let a = -84 + f. Is a prime?
False
Let l(b) = 5*b**2 + 8*b + 7. Is l(-8) a prime number?
True
Let z = -1354 - -3193. Is z prime?
False
Let n = -47 + 84. Is n composite?
False
Suppose -6*p + 7*p - 143 = 0. Let a = -66 + p. Is a a composite number?
True
Suppose -58*b + 62*b = 8636. Is b composite?
True
Let y be (4 + -1)*8/6. Suppose -r + 2*v + 249 = 0, 82 = 2*r + y*v - 448. Is r a composite number?
False
Let c = 88 + 96. Suppose 0 = 4*o + 5*x - 5, o + 3 + 2 = 5*x. Suppose o = -2*m - 2*m + c. Is m composite?
True
Let u(q) = -27*q - 47. Is u(-20) a prime number?
False
Let f be (-1 + 3)/(-2) + 1. Let q = -247 + 681. Suppose f = -4*y + 146 + q. Is y a prime number?
False
Let b be (6/4*2)/(-1). Let w be (-2)/b - (-4)/(-6). Is (1 + w)/(2/106) a composite number?
False
Suppose -5*b = -2*b + 3*r - 168, -2*b + 121 = -r. Is b a composite number?
False
Suppose -2*g + 5*m + 95 = 0, -3*g + 2*m + 110 = -g. Suppose 0*d = -3*d + g. Suppose -4*s + d = 0, 6*p - p = s + 160. Is p a prime number?
False
Let t = 16 + -10. Suppose -3*h + t*h - 12 = 0. Suppose 4*j + j - 202 = -4*o, h*j - 151 = -3*o. Is o composite?
False
Suppose -b = -2*b. Suppose b = -2*y + 8 - 2. Suppose -34 + 7 = -y*g. Is g composite?
True
Is (68 - 1) + (7 - 5) composite?
True
Let r = 691 - 362. Is r composite?
True
Let m = 496 - 338. Let a = m - 40. Is a a prime number?
False
Suppose -5*d = 5*h - 3295, -3*d = d - h - 2651. Is d a composite number?
True
Let n = 443 + -280. Is n a prime number?
True
Suppose 0 = 5*f + 17 - 62. Let i = -2 + f. Is i a composite number?
False
Let o(v) = 23*v**2 - v. Suppose -5*z + 10 = s, -4*s = -1 - 19. Let g = z + 0. Is o(g) a prime number?
False
Let c(l) = l**2 + 9*l + 3. Let f(p) = -2*p + 11. Let w be f(10). Let o be c(w). Let g = 17 - o. Is g a composite number?
True
Let n = -36 - -71. Let g = n - -92. Is g composite?
False
Let z(c) = -3*c + 382. Is z(0) prime?
False
Suppose 14*l = 4*l + 17310. Is l composite?
True
Suppose 0*t - k = -4*t + 865, 0 = -5*t - k + 1088. Is t prime?
False
Suppose -4*x - x - 36 = 2*b, 0 = -4*x + 4*b - 40. Let l(r) = -22*r + 11. Let y be l(x). Suppose 0 = -f - 1, 0 = -5*s - f + 3*f + y. Is s prime?
True
Suppose -5*m + 19 = -1. Suppose -m*a + 9 = k, 4 + 5 = a - 2*k. Suppose -a*x - r + 52 = 0, -5*r + 13 = 38. Is x prime?
True
Let q = -2 + -7. Let f(h) = 3*h + 12. Let m(x) = x**2 - 5*x - 25. Let a(o) = 5*f(o) + 2*m(o). Is a(q) composite?
False
Let c(i) = 16*i**3 - 3*i**2 - 4*i + 4. Is c(3) a composite number?
False
Let a(n) = 17*n - 4. Let i(b) = -b + 1. Let q(w) = -a(w) - i(w). Is q(-2) composite?
True
Let i(d) = -d**2 + 9*d - 4. Let f be i(8). Suppose -5*l + 1041 = -2*l. Suppose 4*u + l = 5*c, -c + 79 = -f*u - 0*u. Is c a prime number?
True
Let o(a) = a**2 - 6*a. Let u be o(7). Suppose -3*s - 2*x + 8 = 0, u - 27 = -5*s - 5*x. Suppose -3*t = 4*y - 247, -3*t + s*y - 5*y = -251. Is t a prime number?
False
Suppose -2*h = 3*x - 311, h + 5*x = -h + 309. Is h prime?
True
Let i(d) = -14*d + 3. Is i(-2) prime?
True
Suppose 2*s - 4 = -4*k, s - 6*k + 2*k - 8 = 0. Is (-254)/3*(-7 + s) prime?
False
Let g = -289 + 150. Let x be -1*(3/(-3) + -397). Let f = g + x. Is f a composite number?
True
Let v(h) = 78*h**2 - h + 11. Is v(4) composite?
True
Let y = -4530 - -12199. Is y a composite number?
False
Suppose x - b = -x + 1, -4*b + 14 = x. Suppose x*w = -w + 4*t - 226, 0 = 4*w + 5*t + 353. Let k = -45 - w. Is k a composite number?
False
Suppose -4*q - 848 = -4*n, -2*n - q - 2*q + 449 = 0. Is n composite?
True
Let v be (2/(-6))/(3/(-18)). Suppose 0 = v*f - 174 + 16. Is f a composite number?
False
Let d(k) = k - 1. Let y(b) = -7*b + 5. Let w(n) = 6*d(n) + y(n). Suppose v + v = -6. Is w(v) a composite number?
False
Let k(j) = -j**3 - 3*j**2 - 3*j + 3. Suppose 4*l - 3*l = -o - 1, -2*o + 3*l = -8. Suppose -6*t - o = n - 3*t, 0 = 4*n + t + 15. Is k(n) a prime number?
True
Let v(h) = 2*h**2 - 2*h - 1. Let l(a) = a - 4. Let g be l(6). Let f be v(g). Is 714/9 + f/(-9) a prime number?
True
Let u = 14589 - 7106. Is u composite?
True
Let q(k) = 87*k - 11. Is q(8) composite?
True
Suppose -n = -0*n - 103. Is n prime?
True
Is (11 - 644)*(-2)/6 a prime number?
True
Let g = -16 - -100. Let s = -57 + g. Suppose -5*d + 250 = 5*w, w + 136 = 2*d + s. Is d prime?
True
Is ((-1801)/(-2))/(2/4) a composite number?
False
Suppose -4*n = g + 4, 3*n - 6*n = g + 1. Suppose 2 - 18 = -4*f. Suppose f*u + 72 = -0*a + 4*a, g = -2*u. Is a a composite number?
True
Is 2/(-4)*(-1779)/3*2 composite?
False
Suppose 4*i + 4*w - 2*w - 1322 = 0, -5*w + 657 = 2*i. Is i a composite number?
False
Suppose 4*l = 5*t + 1911, 4*t - 1 = 3*t. Is l composite?
False
Suppose 0 = 2*b + 18 + 76. Let i = b + 67. Suppose g - q = -4*q + i, -3*g = q - 76. Is g prime?
False
Let b(j) = -j**3 + 4*j**2 - 2*j - 1. Let k be b(3). Suppose u + 21 = k*u. Is u a composite number?
True
Let v = -441 + 2086. Suppose 4*t + 5*g - 658 = 2*t, 4*g = 5*t - v. Is t a composite number?
True
Let j be (-6 + 5)*(1 - 3). Suppose -4*r + 4 = 0, -15 = -4*f + 6*r - r. Suppose -j = -t + f. Is t a composite number?
False
Let o = 233 + -124. Is o a composite number?
False
Let o(z) = 52*z - 6. Is o(4) a prime number?
False
Suppose -7*z + 2*z = -3*w + 15, -2*z + 20 = 4*w. Suppose r + 5*l - 8 - 3 = z, -r + 2*l = -4. Let a = r - 4. Is a composite?
False
Suppose 0 = -5*j + 342 + 388. Suppose j = -5*y + 631. Is y composite?
False
Let m be (2/6)/(3/297). Let z = m + -12. Is z composite?
True
Let s be (-6)/(-5)*(-220)/(-3). Suppose 2*n + 12 - s = 0. Suppose -5*y - 2*c = -6*c - 95, -n = -2*y - c. Is y composite?
False
Let p be (6/18)/((-1)/249). Let a = -6 - p. Is a prime?
False
Suppose 0 = -3*s + d - 3, 0*s - s - 5*d + 15 = 0. Suppose s = -8*v + 4*v + 188. Is v a prime number?
True
Let r = 0 - 0. Suppose -3*w - 147 = -5*q + 35, r = -3*q + 4*w + 107. Is q prime?
True
Let k be 2/5*(0 - -40). Let a = k - 10. Is (-5)/(-15) - (-88)/a a prime number?
False
Is 35/(-5) - -4 - -302 composite?
True
Suppose -4*v + 72 = -2*v. Suppose -4*c - 8 = -4*l, -2*l - l + v = 3*c. Suppose -f - 3*i = -l*i - 39, 0 = 5*i - 20. Is f a composite number?
True
Let g(v) = 4*v**3 - 3*v + 3. Let a be g(3). Suppose 20 = 4*w, -2*y - 2*w = -0*y - a. Is y composite?
True
Is 879/2 + 4/(-8) a prime number?
True
Suppose 3*y = 5*f + 5, -y + 4*f + 2 = 2*f. Suppose -2*o + y + 4 = 0. Suppose -o*d = -0*d - 154. Is d prime?
False
Suppose -s + 36 = -0*z - 4*z, -5*z + 5*s - 45 = 0. Let c(o) = o**3 + 10*o**2 - 11*o + 11. Is c(z) prime?
True
Let c(b) = 442*b**3 + b**2 - 1. Let r be c(1). Let o = r - 227. Is o prime?
False
Let z(m) = -m**2 + 7*m + 3. Let w be z(7). Is (-2)/(-6) - (-422)/w a composite number?
True
Let r(u) = -2*u + u + 33*u**2 - 1 + 3*u. Is r(1) prime?
False
Suppose -5*z = -3026 - 3869. Is z prime?
False
Let t = -5 + 8. Let u(q) = -5*q**2 - 4 + 3*q - 2*q**3 + 3*q**t + 0. Is u(7) composite?
True
Is -14*((-22)/4 - 0) a composite number?
True
Suppose 0 = -4*y + 5*b + 143, -2*b + 2 = -8. Suppose -12 = -7*q + 3*q. Suppose y = q*r - 117. Is r prime?
True
Suppose 468 - 80 = 4*s. Is s a composite number?
False
Let c = 10 - 5. Let q(s) = s**2 - 3*s - 6. Let f be q(c). Suppose 5*b - 15 = -k + 174, 0 = -f*b - 4*k + 164. Is b prime?
True
Let i(x) = 399*x**2 - x. Let c be i(1). Suppose -v + 3*v = c. Is v a composite number?
False
Suppose j + c = 5*c + 14, 12 = j - 2*c. Is j/(-3)*39/(-2) a composite number?
True
Suppose 8 = 3*o - 4. Suppose n - 3 = o. Let r(m) = -m**2 + 10*m + 2. Is r(n) composite?
False
Suppose -4*m = -c - 25, -2*m + 30 = -m - 5*c. Suppose 3*j + 497 = 5*s - 0*j, -m*s - 4*j = -469. Suppose 0 = -3*l + 2*l + s. Is l composite?
False
Let o(l) = -11*l - 1. Let f = -7 + 8.